{"id":7,"date":"2021-05-22T20:11:06","date_gmt":"2021-05-22T18:11:06","guid":{"rendered":"https:\/\/www.elytransport.fr\/?page_id=7"},"modified":"2021-05-24T21:14:12","modified_gmt":"2021-05-24T19:14:12","slug":"ely-transport","status":"publish","type":"page","link":"https:\/\/www.elytransport.fr\/","title":{"rendered":"Accueil"},"content":{"rendered":"\n<div class=\"wp-block-image\"><figure class=\"aligncenter size-large\"><img loading=\"lazy\" width=\"520\" height=\"188\" src=\"https:\/\/www.elytransport.fr\/wp-content\/uploads\/2021\/05\/cropped-cropped-elytransport.png\" alt=\"\" class=\"wp-image-25\" srcset=\"https:\/\/www.elytransport.fr\/wp-content\/uploads\/2021\/05\/cropped-cropped-elytransport.png 520w, https:\/\/www.elytransport.fr\/wp-content\/uploads\/2021\/05\/cropped-cropped-elytransport-300x108.png 300w\" sizes=\"(max-width: 520px) 100vw, 520px\" \/><\/figure><\/div>\n\n\n\n<p>Transport routier international et \u00e0 travers toute la France.<\/p>\n\n\n\n<p>Nous assurons vos demandes de transport, quelles que soient les villes de d\u00e9part et les villes de destination.<\/p>\n\n\n\n<p>Le si\u00e8ge Ely transports est situ\u00e9 dans la r\u00e9gions du Vaucluse, r\u00e9gion sud de la France. Cette position g\u00e9ographique favorise un trafic de marchandises venant de tous les pays europ\u00e9ens, visant une redistribution en France enti\u00e8re.<\/p>\n\n\n\n<h2>Notre expertise :<\/h2>\n\n\n\n<p>Sp\u00e9cialiste du Transport et de la Logistique d\u2019entreprise avec une exp\u00e9rience de 15 ans<\/p>\n\n\n\n<p> Ely transport apporte \u00e0 ses clients des solutions professionnelles sur-mesure.<\/p>\n\n\n\n<p>Pour Ely transport , chaque client est unique. Notre m\u00e9tier est de vous accompagner selon vos particularit\u00e9s pour aboutir \u00e0 \u00ab votre \u00bb solution Transport.<\/p>\n\n\n\n<h2>Contactez-nous :<\/h2>\n\n\n\n<p>Par t\u00e9l\u00e9phone au <strong>06 21 03 25 91<\/strong> ou par courrier \u00e0 <strong>contact@elytransport.fr<\/strong><\/p>\n\n\n\n<p>Adresse postale du si\u00e8ge sociale : <strong>ELY Transport &#8211; 25 Rue PAUL PONS &#8211; 84700 SORGUES<\/strong><\/p>\n\n\n\n<p>Vous pouvez aussi nous contacter en remplissant le formulaire ci-dessous.<\/p>\n\n\n\n<p>La r\u00e9activit\u00e9 est notre ma\u00eetre mot. Nous vous apporterons toujours une r\u00e9ponse personnalis\u00e9e dans les meilleurs d\u00e9lais.<\/p>\n\n\n\n<div class=\"wp-block-contact-form-7-contact-form-selector\"><div role=\"form\" class=\"wpcf7\" id=\"wpcf7-f5-o1\" lang=\"fr-FR\" dir=\"ltr\">\n<div class=\"screen-reader-response\"><p role=\"status\" aria-live=\"polite\" aria-atomic=\"true\"><\/p> <ul><\/ul><\/div>\n<form action=\"\/index.php\/wp-json\/wp\/v2\/pages\/7#wpcf7-f5-o1\" method=\"post\" class=\"wpcf7-form init\" novalidate=\"novalidate\" data-status=\"init\">\n<div style=\"display: none;\">\n<input type=\"hidden\" name=\"_wpcf7\" value=\"5\" \/>\n<input type=\"hidden\" name=\"_wpcf7_version\" value=\"5.5.2\" \/>\n<input type=\"hidden\" name=\"_wpcf7_locale\" value=\"fr_FR\" \/>\n<input type=\"hidden\" name=\"_wpcf7_unit_tag\" value=\"wpcf7-f5-o1\" \/>\n<input type=\"hidden\" name=\"_wpcf7_container_post\" value=\"0\" \/>\n<input type=\"hidden\" name=\"_wpcf7_posted_data_hash\" value=\"\" \/>\n<input type=\"hidden\" name=\"_wpcf7_recaptcha_response\" value=\"\" \/>\n<\/div>\n<p><label> Votre nom<br \/>\n    <span class=\"wpcf7-form-control-wrap your-name\"><input type=\"text\" name=\"your-name\" value=\"\" size=\"40\" class=\"wpcf7-form-control wpcf7-text wpcf7-validates-as-required\" aria-required=\"true\" aria-invalid=\"false\" \/><\/span> <\/label><\/p>\n<p><label> Votre adresse e-mail<br \/>\n    <span class=\"wpcf7-form-control-wrap your-email\"><input type=\"email\" name=\"your-email\" value=\"\" size=\"40\" class=\"wpcf7-form-control wpcf7-text wpcf7-email wpcf7-validates-as-required wpcf7-validates-as-email\" aria-required=\"true\" aria-invalid=\"false\" \/><\/span> <\/label><\/p>\n<p><label> Votre num\u00e9ro de t\u00e9l\u00e9phone<br \/>\n<span class=\"wpcf7-form-control-wrap tel-880\"><input type=\"tel\" name=\"tel-880\" value=\"\" size=\"40\" class=\"wpcf7-form-control wpcf7-text wpcf7-tel wpcf7-validates-as-tel\" aria-invalid=\"false\" \/><\/span> <\/label><\/p>\n<p><label> Objet<br \/>\n    <span class=\"wpcf7-form-control-wrap your-subject\"><input type=\"text\" name=\"your-subject\" value=\"\" size=\"40\" class=\"wpcf7-form-control wpcf7-text wpcf7-validates-as-required\" aria-required=\"true\" aria-invalid=\"false\" \/><\/span> <\/label><\/p>\n<p><label> Votre message<br \/>\n    <span class=\"wpcf7-form-control-wrap your-message\"><textarea name=\"your-message\" cols=\"40\" rows=\"10\" class=\"wpcf7-form-control wpcf7-textarea wpcf7-validates-as-required\" aria-required=\"true\" aria-invalid=\"false\"><\/textarea><\/span> <\/label><\/p>\n<p><input type=\"submit\" value=\"Envoyer\" class=\"wpcf7-form-control has-spinner wpcf7-submit\" \/><\/p>\n<p style=\"display: none !important;\"><label>&#916;<textarea name=\"_wpcf7_ak_hp_textarea\" cols=\"45\" rows=\"8\" maxlength=\"100\"><\/textarea><\/label><input type=\"hidden\" id=\"ak_js\" name=\"_wpcf7_ak_js\" value=\"85\"\/><script>document.getElementById( \"ak_js\" ).setAttribute( \"value\", ( new Date() ).getTime() );<\/script><\/p><div class=\"wpcf7-response-output\" aria-hidden=\"true\"><\/div><\/form><\/div><\/div>\n","protected":false},"excerpt":{"rendered":"<p>Transport routier international et \u00e0 travers toute la France. Nous assurons vos demandes de transport, quelles que soient les villes de d\u00e9part et les villes de destination. Le si\u00e8ge Ely &#8230;<\/p>\n","protected":false},"author":1,"featured_media":0,"parent":0,"menu_order":0,"comment_status":"closed","ping_status":"closed","template":"","meta":[],"_links":{"self":[{"href":"https:\/\/www.elytransport.fr\/index.php\/wp-json\/wp\/v2\/pages\/7"}],"collection":[{"href":"https:\/\/www.elytransport.fr\/index.php\/wp-json\/wp\/v2\/pages"}],"about":[{"href":"https:\/\/www.elytransport.fr\/index.php\/wp-json\/wp\/v2\/types\/page"}],"author":[{"embeddable":true,"href":"https:\/\/www.elytransport.fr\/index.php\/wp-json\/wp\/v2\/users\/1"}],"replies":[{"embeddable":true,"href":"https:\/\/www.elytransport.fr\/index.php\/wp-json\/wp\/v2\/comments?post=7"}],"version-history":[{"count":22,"href":"https:\/\/www.elytransport.fr\/index.php\/wp-json\/wp\/v2\/pages\/7\/revisions"}],"predecessor-version":[{"id":55,"href":"https:\/\/www.elytransport.fr\/index.php\/wp-json\/wp\/v2\/pages\/7\/revisions\/55"}],"wp:attachment":[{"href":"https:\/\/www.elytransport.fr\/index.php\/wp-json\/wp\/v2\/media?parent=7"}],"curies":[{"name":"wp","href":"https:\/\/api.w.org\/{rel}","templated":true}]}}

<div class="wp-block-image"><figure class="aligncenter size-large"><img loading="lazy" width="520" height="188" src="https://www.elytransport.fr/wp-content/uploads/2021/05/cropped-cropped-elytransport.png" alt="" class="wp-image-25" srcset="https://www.elytransport.fr/wp-content/uploads/2021/05/cropped-cropped-elytransport.png 520w, https://www.elytransport.fr/wp-content/uploads/2021/05/cropped-cropped-elytransport-300x108.png 300w" sizes="(max-width: 520px) 100vw, 520px" /></figure></div>



<p>Transport routier international et à travers toute la France.</p>



<p>Nous assurons vos demandes de transport, quelles que soient les villes de départ et les villes de destination.</p>



<p>Le siège Ely transports est situé dans la régions du Vaucluse, région sud de la France. Cette position géographique favorise un trafic de marchandises venant de tous les pays européens, visant une redistribution en France entière.</p>



<h2>Notre expertise :</h2>



<p>Spécialiste du Transport et de la Logistique d’entreprise avec une expérience de 15 ans</p>



<p> Ely transport apporte à ses clients des solutions professionnelles sur-mesure.</p>



<p>Pour Ely transport , chaque client est unique. Notre métier est de vous accompagner selon vos particularités pour aboutir à « votre » solution Transport.</p>



<h2>Contactez-nous :</h2>



<p>Par téléphone au <strong>06 21 03 25 91</strong> ou par courrier à <strong>contact@elytransport.fr</strong></p>



<p>Adresse postale du siège sociale : <strong>ELY Transport &#8211; 25 Rue PAUL PONS &#8211; 84700 SORGUES</strong></p>



<p>Vous pouvez aussi nous contacter en remplissant le formulaire ci-dessous.</p>



<p>La réactivité est notre maître mot. Nous vous apporterons toujours une réponse personnalisée dans les meilleurs délais.</p>



<div class="wp-block-contact-form-7-contact-form-selector"><div role="form" class="wpcf7" id="wpcf7-f5-o1" lang="fr-FR" dir="ltr">
<div class="screen-reader-response"><p role="status" aria-live="polite" aria-atomic="true"></p> <ul></ul></div>
<form action="/index.php/wp-json/wp/v2/pages/7#wpcf7-f5-o1" method="post" class="wpcf7-form init" novalidate="novalidate" data-status="init">
<div style="display: none;">
<input type="hidden" name="_wpcf7" value="5" />
<input type="hidden" name="_wpcf7_version" value="5.5.2" />
<input type="hidden" name="_wpcf7_locale" value="fr_FR" />
<input type="hidden" name="_wpcf7_unit_tag" value="wpcf7-f5-o1" />
<input type="hidden" name="_wpcf7_container_post" value="0" />
<input type="hidden" name="_wpcf7_posted_data_hash" value="" />
<input type="hidden" name="_wpcf7_recaptcha_response" value="" />
</div>
<p><label> Votre nom<br />
    <span class="wpcf7-form-control-wrap your-name"><input type="text" name="your-name" value="" size="40" class="wpcf7-form-control wpcf7-text wpcf7-validates-as-required" aria-required="true" aria-invalid="false" /></span> </label></p>
<p><label> Votre adresse e-mail<br />
    <span class="wpcf7-form-control-wrap your-email"><input type="email" name="your-email" value="" size="40" class="wpcf7-form-control wpcf7-text wpcf7-email wpcf7-validates-as-required wpcf7-validates-as-email" aria-required="true" aria-invalid="false" /></span> </label></p>
<p><label> Votre numéro de téléphone<br />
<span class="wpcf7-form-control-wrap tel-880"><input type="tel" name="tel-880" value="" size="40" class="wpcf7-form-control wpcf7-text wpcf7-tel wpcf7-validates-as-tel" aria-invalid="false" /></span> </label></p>
<p><label> Objet<br />
    <span class="wpcf7-form-control-wrap your-subject"><input type="text" name="your-subject" value="" size="40" class="wpcf7-form-control wpcf7-text wpcf7-validates-as-required" aria-required="true" aria-invalid="false" /></span> </label></p>
<p><label> Votre message<br />
    <span class="wpcf7-form-control-wrap your-message"><textarea name="your-message" cols="40" rows="10" class="wpcf7-form-control wpcf7-textarea wpcf7-validates-as-required" aria-required="true" aria-invalid="false"></textarea></span> </label></p>
<p><input type="submit" value="Envoyer" class="wpcf7-form-control has-spinner wpcf7-submit" /></p>
<p style="display: none !important;"><label>&#916;<textarea name="_wpcf7_ak_hp_textarea" cols="45" rows="8" maxlength="100"></textarea></label><input type="hidden" id="ak_js" name="_wpcf7_ak_js" value="85"/><script>document.getElementById( "ak_js" ).setAttribute( "value", ( new Date() ).getTime() );</script></p><div class="wpcf7-response-output" aria-hidden="true"></div></form></div></div>

<p>Transport routier international et à travers toute la France. Nous assurons vos demandes de transport, quelles que soient les villes de départ et les villes de destination. Le siège Ely &#8230;</p>
